{"id":21,"date":"2018-07-09T13:45:34","date_gmt":"2018-07-09T13:45:34","guid":{"rendered":"https:\/\/astro-mg.de\/?page_id=21"},"modified":"2023-10-03T19:54:44","modified_gmt":"2023-10-03T19:54:44","slug":"wir-ueber-uns","status":"publish","type":"page","link":"https:\/\/astro-mg.de\/wir-ueber-uns\/","title":{"rendered":"Wir \u00fcber uns"},"content":{"rendered":"\n<h2 class=\"wp-block-heading\">Astronomischer Arbeitskreis M\u00f6nchengladbach e.V.<\/h2>\n\n\n<div class=\"wp-block-image\">\n<figure class=\"aligncenter size-full is-resized\"><img loading=\"lazy\" decoding=\"async\" src=\"https:\/\/astro-mg.de\/wp-content\/uploads\/2019\/01\/cropped-amg_jpg-1.jpg\" alt=\"\" class=\"wp-image-271\" style=\"width:358px;height:358px\" width=\"358\" height=\"358\" srcset=\"https:\/\/astro-mg.de\/wp-content\/uploads\/2019\/01\/cropped-amg_jpg-1.jpg 512w, https:\/\/astro-mg.de\/wp-content\/uploads\/2019\/01\/cropped-amg_jpg-1-150x150.jpg 150w, https:\/\/astro-mg.de\/wp-content\/uploads\/2019\/01\/cropped-amg_jpg-1-300x300.jpg 300w, https:\/\/astro-mg.de\/wp-content\/uploads\/2019\/01\/cropped-amg_jpg-1-270x270.jpg 270w, https:\/\/astro-mg.de\/wp-content\/uploads\/2019\/01\/cropped-amg_jpg-1-192x192.jpg 192w, https:\/\/astro-mg.de\/wp-content\/uploads\/2019\/01\/cropped-amg_jpg-1-180x180.jpg 180w, https:\/\/astro-mg.de\/wp-content\/uploads\/2019\/01\/cropped-amg_jpg-1-32x32.jpg 32w\" sizes=\"auto, (max-width: 358px) 100vw, 358px\" \/><\/figure>\n<\/div>\n\n\n<p>Der Astronomische Arbeitskreis M\u00f6nchengladbach wurde im Jahre 1974 gegr\u00fcndet und besteht seit 1980 als eingetragener Verein gemeinn\u00fctzigen Charakters.<\/p>\n\n\n\n<p>Seit 1999 befindet sich die Sternwarte mit ihrem Kuppelbau von etwa 4 Metern Durchmesser, in dem zwei Teleskope mit einer freien \u00d6ffnung von je 200 mm und Brennweiten von 2 bzw. 4 Metern installiert sind, auf dem Gel\u00e4nde des Wasserwerks Rheindahlen. Hier m\u00f6chten wir allen interessierten B\u00fcrgern aus M\u00f6nchengladbach und Umgebung das Thema Astronomie n\u00e4her bringen und die ganze Pracht und Faszination des Sternenhimmels pr\u00e4sentieren. Mit der Auswahl unserer Veranstaltungen versuchen wir, das Thema Astronomie &#8211; gerade auch ohne Vorkenntnisse &#8211; verst\u00e4ndlich zu machen sowie den Erfahrungsaustausch zwischen den Beobachtern untereinander zu f\u00f6rdern. Au\u00dferhalb der im Programm genannten Termine bieten wir auch Sonderveranstaltungen f\u00fcr Schulen, Vereine, Unternehmen, aber auch f\u00fcr Besuchergruppen an. Vereinbaren Sie hierzu einen Termin unter der angegebenen Telefonnummer, die Sie hier finden. Neben dem Halbjahresprogramm und den Ank\u00fcndigungen unter &#8222;Aktuell&#8220; m\u00f6chten wir auf folgende Aktivit\u00e4ten besonders hinweisen:<br>Der Start von Borussia&#8217;s Sternenschiff \u2013 der Umzug des Friedrich-Wilhelm-Bessel-Institutes \u2013 hat wie geplant am 3. September 2005 stattgefunden. Die Containeranlage steht jetzt am Wasserwerk in Rheindahlen und mu\u00df weiter hergerichtet werden. Wir bitten um Ihre Unterst\u00fctzung in Form von Sach- und Arbeitsleistung sowie Geldspenden! Der aktuelle Spendenaufruf mit weiteren Informationen kann hier abgerufen werden. Wir freuen uns auf Ihren Besuch hier im Internet oder live in der Sternwarte.<\/p>\n\n\n\n<p>Ihr Astronomischer Arbeitskreis M\u00f6nchengladbach e.V.<\/p>\n","protected":false},"excerpt":{"rendered":"<p>Astronomischer Arbeitskreis M\u00f6nchengladbach e.V. Der Astronomische Arbeitskreis M\u00f6nchengladbach wurde im Jahre 1974 gegr\u00fcndet und besteht seit 1980 als eingetragener Verein gemeinn\u00fctzigen Charakters. Seit 1999 befindet sich die Sternwarte mit ihrem Kuppelbau von etwa 4 Metern Durchmesser, in dem zwei Teleskope mit einer freien \u00d6ffnung von je 200 mm und Brennweiten von 2 bzw. 4 Metern &#8230; <a title=\"Wir \u00fcber uns\" class=\"read-more\" href=\"https:\/\/astro-mg.de\/wir-ueber-uns\/\" aria-label=\"Mehr Informationen \u00fcber Wir \u00fcber uns\">Weiterlesen<\/a><\/p>\n","protected":false},"author":2,"featured_media":0,"parent":0,"menu_order":0,"comment_status":"closed","ping_status":"closed","template":"","meta":{"_editorskit_title_hidden":false,"_editorskit_reading_time":0,"_editorskit_is_block_options_detached":false,"_editorskit_block_options_position":"{}","footnotes":""},"class_list":["post-21","page","type-page","status-publish"],"_links":{"self":[{"href":"https:\/\/astro-mg.de\/wp-json\/wp\/v2\/pages\/21","targetHints":{"allow":["GET"]}}],"collection":[{"href":"https:\/\/astro-mg.de\/wp-json\/wp\/v2\/pages"}],"about":[{"href":"https:\/\/astro-mg.de\/wp-json\/wp\/v2\/types\/page"}],"author":[{"embeddable":true,"href":"https:\/\/astro-mg.de\/wp-json\/wp\/v2\/users\/2"}],"replies":[{"embeddable":true,"href":"https:\/\/astro-mg.de\/wp-json\/wp\/v2\/comments?post=21"}],"version-history":[{"count":0,"href":"https:\/\/astro-mg.de\/wp-json\/wp\/v2\/pages\/21\/revisions"}],"wp:attachment":[{"href":"https:\/\/astro-mg.de\/wp-json\/wp\/v2\/media?parent=21"}],"curies":[{"name":"wp","href":"https:\/\/api.w.org\/{rel}","templated":true}]}}